1 a composite number?
False
Is 16240741051 prime?
False
Is 139221827 a prime number?
True
Is 44746449603 a prime number?
False
Is 2812488011 a prime number?
False
Is 4193426243 a composite number?
False
Is 380176021 a composite number?
False
Is 14755733353 prime?
True
Is 37369511443 a prime number?
False
Is 3559594717 prime?
False
Is 2710760207 prime?
False
Is 3797707141 prime?
True
Is 15070008977 a composite number?
True
Is 9993552349 composite?
True
Is 8517038567 prime?
False
Is 3063425899 a prime number?
True
Is 16633968167 a prime number?
False
Is 6706432793 a prime number?
False
Is 9978344873 prime?
False
Is 56966213371 a prime number?
False
Is 3439418759 a composite number?
True
Is 312638273 a composite number?
False
Is 22653728927 a prime number?
True
Is 839076097 composite?
False
Is 102380664082 a composite number?
True
Is 2926564847 a prime number?
False
Is 699430063 prime?
True
Is 333264377 a prime number?
True
Is 12056588333 a composite number?
True
Is 173974109 a composite number?
False
Is 7913133491 prime?
True
Is 2575807873 prime?
False
Is 2155993291 prime?
True
Is 64127177 a prime number?
True
Is 13770812207 a composite number?
True
Is 30879738691 composite?
False
Is 182008807 a prime number?
True
Is 1454926927 a prime number?
True
Is 10955019619 composite?
True
Is 15604212067 a composite number?
False
Is 268835735867 a composite number?
False
Is 974023111 composite?
False
Is 1887564817 prime?
False
Is 664748239 composite?
False
Is 12600878161 composite?
False
Is 272537743 a composite number?
False
Is 146141687 a composite number?
False
Is 46175565901 prime?
True
Is 37085681937 a composite number?
True
Is 1839086889 composite?
True
Is 671552153 a composite number?
False
Is 1103078279 a prime number?
True
Is 1170349343 prime?
False
Is 5010461987 a composite number?
False
Is 4907632589 a prime number?
True
Is 3783943609 a prime number?
True
Is 3237556451 prime?
True
Is 1259866165 prime?
False
Is 585058079 composite?
True
Is 539422421 a composite number?
True
Is 208841879 a prime number?
True
Is 26252850763 a composite number?
True
Is 27322182827 composite?
True
Is 3222139537 prime?
False
Is 665494693 a composite number?
False
Is 147755873 a prime number?
False
Is 20214772813 composite?
False
Is 7061321789 composite?
True
Is 2739440497 a prime number?
False
Is 6426745853 composite?
True
Is 3268324291 a composite number?
True
Is 716870755 a prime number?
False
Is 14405731787 composite?
True
Is 166422196007 prime?
True
Is 955828987 a prime number?
True
Is 209807099 prime?
True
Is 9547456739 prime?
True
Is 859473149 a composite number?
False
Is 853393691 composite?
False
Is 992505497 composite?
False
Is 18827000719 a prime number?
True
Is 4773263093 a prime number?
True
Is 388447469 a prime number?
True
Is 7290107369 a composite number?
False
Is 9767597777 a composite number?
True
Is 15826900943 prime?
False
Is 3987821311 a prime number?
True
Is 568052207 a prime number?
False
Is 65741608043 prime?
True
Is 4698349087 composite?
True
Is 304655467 a prime number?
True
Is 3113696767 a composite number?
False
Is 30199817383 a prime number?
True
Is 26605451779 a prime number?
False
Is 305710037 prime?
True
Is 2178283859 a prime number?
True
Is 1245296197 prime?
False
Is 874080973 a prime number?
False
Is 14578942913 prime?
False
Is 16498628807 composite?
True
Is 28742316373 prime?
False
Is 20172819817 a composite number?
False
Is 32922063467 composite?
False
Is 1273397681 prime?
True
Is 129213217 a prime number?
False
Is 353489107 prime?
True
Is 246930031 composite?
False
Is 10986476807 a composite number?
False
Is 279324371 a composite number?
False
Is 7021560614 composite?
True
Is 3278396027 prime?
True
Is 54866221997 a composite number?
False
Is 15513409091 prime?
True
Is 345603689 a prime number?
False
Is 285880417 prime?
True
Is 19577197 prime?
False
Is 124291919863 prime?
False
Is 263834219167 a prime number?
False
Is 62638093673 a prime number?
True
Is 409822221 a composite number?
True
Is 804868901 prime?
True
Is 5683048535 a composite number?
True
Is 6066077441 a composite number?
True
Is 561878687 a composite number?
False
Is 438434629 prime?
False
Is 233626103 a composite number?
True
Is 2875834795 a prime number?
False
Is 9552429199 prime?
True
Is 747773051 prime?
True
Is 5086889306 a prime number?
False
Is 9443521681 composite?
True
Is 5312634241 a prime number?
False
Is 4565169451 composite?
False
Is 23620013089 composite?
True
Is 3823726603 prime?
True
Is 26371333 a prime number?
False
Is 241577550379 a composite number?
True
Is 34662054569 a prime number?
False
Is 743508301 composite?
False
Is 158992367 prime?
False
Is 497487329 a composite number?
False
Is 492550907 prime?
True
Is 10977269803 composite?
False
Is 4808391601 a prime number?
False
Is 11604376957 prime?
True
Is 255643055869 a composite number?
True
Is 2103191661 a prime number?
False
Is 4003099 prime?
True
Is 741310883 composite?
False
Is 25184710063 prime?
True
Is 308067673 a prime number?
True
Is 10821913 a composite number?
False
Is 172399849 prime?
True
Is 1347233339 prime?
True
Is 32405713399 a prime number?
True
Is 27649323439 a composite number?
True
Is 174608969 a prime number?
True
Is 879288559 a prime number?
False
Is 112510499 composite?
True
Is 47722813913 prime?
True
Is 2285329759 a composite number?
True
Is 11743595651 composite?
False
Is 449809681 prime?
False
Is 94631105 a prime number?
False
Is 133154087191 a prime number?
False
Is 2953707329 composite?
True
Is 186253091773 composite?
True
Is 1350814327 a composite number?
False
Is 40484843249 a prime number?
True
Is 17192292301 a prime number?
False
Is 7486892129 composite?
False
Is 39362301037 prime?
True
Is 12797863249 prime?
True
Is 99469663 prime?
True
Is 687170579 prime?
True
Is 200309821 a composite number?
False
Is 2715007891 a prime number?
False
Is 1287088883 a composite number?
True
Is 11168803699 prime?
True
Is 5343133391 prime?
False
Is 1058537969 a composite number?
True
Is 1686352817 a prime number?
False
Is 6814292057 prime?
True
Is 941474354 a prime number?
False
Is 22284702311 a composite number?
True
Is 7714768301 a composite number?
False
Is 2049001807 composite?
False
Is 29840114051 prime?
False
Is 118959571 a prime number?
False
Is 104327129 composite?
False
Is 9895299457 prime?
True
Is 1000213363 a prime number?
True
Is 5270937487 a composite number?
False
Is 7620870317 a prime number?
False
Is 8969614379 a prime number?
False
Is 29501365931 a composite number?
True
Is 58261289941 a composite number?
False
Is 55510880357 a composite number?
False
Is 5197574989 prime?
True
Is 62736548341 a prime number?
True
Is 2031068449 a prime number?
True
Is 961581277 composite?
False
Is 77180350189 a prime number?
True
Is 7040320678 a composite number?
True
Is 6954113167 prime?
False
Is 4093797979 a composite number?
True
Is 568552609 prime?
False
Is 175979 composite?
False
Is 25911659023 composite?
False
Is 17393717699 a prime number?
True
Is 1523784023 prime?
False
Is 255224731 prime?
False
Is 12170892787 a prime number?
True
Is 33467683757 a prime number?
False
Is 1368068231 a prime number?
True
Is 741937739 composite?
False
Is 3477537779 a prime number?
False
Is 4299033319 a composite number?
True
Is 530520643 prime?
True
Is 147914461 a composite number?
False
Is 3449104103 a composite number?
True
Is 289232639 a prime number?
True
Is 1219032629 composite?
False
Is 654994709 prime?
True
Is 267489697081 a prime number?
True
Is 9900156767 composite?
True
Is 4341267627 prime?
False
Is 8354055167 prime?
True
Is 1331202767 a prime number?
True
Is 17296217053 a composite number?
False
Is 3344681881 a composite number?
True
Is 732533281 prime?
False
Is 184623749 a composite number?
False
Is 1563921113 composite?
True
Is 113588136289 a composite number?
True
Is 170900887 composite?
False
Is 43495778831 prime?
True
Is 57727602685 prime?
False
Is 9804028181 a prime number?
True
Is 8608375133 composite?
False
Is 15938501 a composite number?
False
Is 329097593135 a prime number?
False
Is 11785957 composite?
True
Is 9329836577 a prime number?
True
Is 8226367147 a prime number?
True
Is 974066633 prime?
False
Is 4887182449 composite?
False
Is 8682630197 prime?
False
Is 244498767241 a prime